{"id":5243,"date":"2023-09-20T16:48:34","date_gmt":"2023-09-20T14:48:34","guid":{"rendered":"https:\/\/agro-jardin-brico.com\/?post_type=product&#038;p=5243"},"modified":"2023-09-20T16:48:35","modified_gmt":"2023-09-20T14:48:35","slug":"atlantic-accessio-digital-2","status":"publish","type":"product","link":"https:\/\/agro-jardin-brico.com\/?product=atlantic-accessio-digital-2","title":{"rendered":"Atlantic Accessio digital 2"},"content":{"rendered":"<p><img loading=\"lazy\" decoding=\"async\" class=\"datasheet-cover-image\" src=\"https:\/\/cdn.idealo.com\/folder\/Product\/5903\/4\/5903431\/s4_produktbild_gross\/atlantic-accessio-digital-2.jpg\" alt=\"Atlantic Accessio digital 2\" width=\"290\" height=\"241\" \/><\/p>\n<ul class=\"datasheet-list\">\n<li>\n<ul>\n<li class=\"datasheet-listItem datasheet-listItem--properties \"><span class=\"datasheet-listItemKey small-6 larger-4 columns\">Type de chauffage \u00e9lectrique<\/span><span class=\"datasheet-listItemValue small-6 larger-8 columns\">Radiateur \u00e0 inertie<\/span><\/li>\n<li class=\"datasheet-listItem datasheet-listItem--properties \"><span class=\"datasheet-listItemKey small-6 larger-4 columns\">S\u00e9rie<\/span><span class=\"datasheet-listItemValue small-6 larger-8 columns\">Atlantic Accessio<\/span><\/li>\n<\/ul>\n<\/li>\n<li class=\"datasheet-listItem datasheet-listItem--group \">Puissance &amp; Technique calorifique<\/li>\n<li>\n<ul>\n<li class=\"datasheet-listItem datasheet-listItem--properties \"><span class=\"datasheet-listItemKey small-6 larger-4 columns\">Technique d&#8217;inertie<\/span><span class=\"datasheet-listItemValue small-6 larger-8 columns\">Fluide<\/span><\/li>\n<\/ul>\n<\/li>\n<li class=\"datasheet-listItem datasheet-listItem--group \">Montage &amp; Utilisation<\/li>\n<li>\n<ul>\n<li class=\"datasheet-listItem datasheet-listItem--properties \"><span class=\"datasheet-listItemKey small-6 larger-4 columns\">Format<\/span><span class=\"datasheet-listItemValue small-6 larger-8 columns\">Horizontal<\/span><\/li>\n<li class=\"datasheet-listItem datasheet-listItem--properties \"><span class=\"datasheet-listItemKey small-6 larger-4 columns\">Fil pilote<\/span><span class=\"datasheet-listItemValue small-6 larger-8 columns\">6 ordres<\/span><\/li>\n<\/ul>\n<\/li>\n<li class=\"datasheet-listItem datasheet-listItem--group \">\u00c9quipement &amp; Fonctions<\/li>\n<li>\n<ul>\n<li class=\"datasheet-listItem datasheet-listItem--properties \"><span class=\"datasheet-listItemKey small-6 larger-4 columns\">Fonctions<\/span><span class=\"datasheet-listItemValue small-6 larger-8 columns\">Confort, Eco, Hors gel, Arr\u00eat<\/span><\/li>\n<li class=\"datasheet-listItem datasheet-listItem--properties \"><span class=\"datasheet-listItemKey small-6 larger-4 columns\">Particularit\u00e9<\/span><span class=\"datasheet-listItemValue small-6 larger-8 columns\">Faible inertie thermique<\/span><\/li>\n<\/ul>\n<\/li>\n<li class=\"datasheet-listItem datasheet-listItem--group \">Corps du radiateur<\/li>\n<li>\n<ul>\n<li class=\"datasheet-listItem datasheet-listItem--properties \"><span class=\"datasheet-listItemKey small-6 larger-4 columns\">Mati\u00e8re du corps<\/span><span class=\"datasheet-listItemValue small-6 larger-8 columns\">Aluminium<\/span><\/li>\n<li class=\"datasheet-listItem datasheet-listItem--properties \"><span class=\"datasheet-listItemKey small-6 larger-4 columns\">Couleur<\/span><span class=\"datasheet-listItemValue small-6 larger-8 columns\">Blanc<\/span><\/li>\n<\/ul>\n<\/li>\n<li class=\"datasheet-listItem datasheet-listItem--group \">Dimensions &amp; Poids<\/li>\n<li>\n<ul>\n<li class=\"datasheet-listItem datasheet-listItem--properties \"><span class=\"datasheet-listItemKey small-6 larger-4 columns\">Hauteur<\/span><span class=\"datasheet-listItemValue small-6 larger-8 columns\">575\u00a0mm<\/span><\/li>\n<\/ul>\n<\/li>\n<\/ul>\n","protected":false},"excerpt":{"rendered":"<p>Type de chauffage \u00e9lectriqueRadiateur \u00e0 inertie S\u00e9rieAtlantic Accessio Puissance &amp; Technique calorifique Technique d&#8217;inertieFluide Montage &amp; Utilisation FormatHorizontal Fil pilote6 ordres \u00c9quipement &amp; Fonctions FonctionsConfort, Eco, Hors gel, Arr\u00eat Particularit\u00e9Faible inertie thermique Corps du radiateur Mati\u00e8re du corpsAluminium CouleurBlanc Dimensions &amp; Poids Hauteur575\u00a0mm<\/p>\n","protected":false},"featured_media":5259,"comment_status":"open","ping_status":"closed","template":"","meta":[],"product_cat":[435],"product_tag":[438],"class_list":{"0":"post-5243","1":"product","2":"type-product","3":"status-publish","4":"has-post-thumbnail","6":"product_cat-chauffage-electrique","7":"product_tag-atlantic-accessio-digital-2","9":"first","10":"instock","11":"sale","12":"shipping-taxable","13":"purchasable","14":"product-type-simple"},"_links":{"self":[{"href":"https:\/\/agro-jardin-brico.com\/index.php?rest_route=\/wp\/v2\/product\/5243","targetHints":{"allow":["GET"]}}],"collection":[{"href":"https:\/\/agro-jardin-brico.com\/index.php?rest_route=\/wp\/v2\/product"}],"about":[{"href":"https:\/\/agro-jardin-brico.com\/index.php?rest_route=\/wp\/v2\/types\/product"}],"replies":[{"embeddable":true,"href":"https:\/\/agro-jardin-brico.com\/index.php?rest_route=%2Fwp%2Fv2%2Fcomments&post=5243"}],"wp:featuredmedia":[{"embeddable":true,"href":"https:\/\/agro-jardin-brico.com\/index.php?rest_route=\/wp\/v2\/media\/5259"}],"wp:attachment":[{"href":"https:\/\/agro-jardin-brico.com\/index.php?rest_route=%2Fwp%2Fv2%2Fmedia&parent=5243"}],"wp:term":[{"taxonomy":"product_cat","embeddable":true,"href":"https:\/\/agro-jardin-brico.com\/index.php?rest_route=%2Fwp%2Fv2%2Fproduct_cat&post=5243"},{"taxonomy":"product_tag","embeddable":true,"href":"https:\/\/agro-jardin-brico.com\/index.php?rest_route=%2Fwp%2Fv2%2Fproduct_tag&post=5243"}],"curies":[{"name":"wp","href":"https:\/\/api.w.org\/{rel}","templated":true}]}}