{"id":5183,"date":"2023-09-20T16:48:13","date_gmt":"2023-09-20T14:48:13","guid":{"rendered":"https:\/\/agro-jardin-brico.com\/?post_type=product&#038;p=5183"},"modified":"2023-09-20T16:48:24","modified_gmt":"2023-09-20T14:48:24","slug":"tk-thermalking-allume-feu-en-laine-de-bois-avec-cire","status":"publish","type":"product","link":"https:\/\/agro-jardin-brico.com\/?product=tk-thermalking-allume-feu-en-laine-de-bois-avec-cire","title":{"rendered":"TK THERMALKING Allume-feu en laine de bois avec cire"},"content":{"rendered":"<div class=\"celwidget aplus-module 3p-module-b aplus-standard\" data-csa-c-id=\"6fruef-it5jwf-bie48q-5r3oqk\" data-cel-widget=\"aplus-3p-module-b\">\n<div class=\"aplus-module-wrapper aplus-3p-fixed-width\">\n<h3 class=\"a-spacing-mini\">Utilis\u00e9 pour allumer des chemin\u00e9es, des po\u00eales en fa\u00efence, des po\u00eales \u00e0 bois, etc.<\/h3>\n<p class=\"a-spacing-base\">Nos boucles en laine de bois sont parfaites comme aide-feu dans diverses situations. Que vous l&#8217;utilisiez pour le po\u00eale, la chemin\u00e9e ou pour les grillades, nous avons la solution parfaite pour vous!<\/p>\n<p class=\"a-spacing-base\"><span class=\"a-text-bold\"><u>L&#8217;allume-feu TK THERMALKING a \u00e9t\u00e9 d\u00e9velopp\u00e9 pour garantir la s\u00e9curit\u00e9 lors de l&#8217;allumage de la chemin\u00e9e<\/u><\/span><\/p>\n<\/div>\n<\/div>\n<div class=\"celwidget aplus-module module-2 aplus-standard\" data-csa-c-id=\"mvtfxd-bxd5pl-a8yhtk-8fqtb4\" data-cel-widget=\"aplus-module-2\">\n<div class=\"a-expander-collapsed-height a-row a-expander-container a-expander-partial-collapse-container\" data-a-expander-name=\"aplus-module-expander\" data-a-expander-collapsed-height=\"700\">\n<div class=\"a-expander-content a-expander-partial-collapse-content\" aria-expanded=\"false\">\n<div class=\"aplus-module-wrapper apm-floatnone apm-fixed-width\">\n<div class=\"apm-sidemodule apm-spacing\">\n<div class=\"apm-sidemodule-imageleft\"><img decoding=\"async\" class=\"\" src=\"https:\/\/m.media-amazon.com\/images\/S\/aplus-media-library-service-media\/db0acb6a-8a2e-4250-b855-d645f7094423.__CR0,0,1500,1500_PT0_SX300_V1___.jpg\" alt=\"LE PO\u00caLE \u00c0 BOIS\" data-src=\"https:\/\/m.media-amazon.com\/images\/S\/aplus-media-library-service-media\/db0acb6a-8a2e-4250-b855-d645f7094423.__CR0,0,1500,1500_PT0_SX300_V1___.jpg\" \/><\/div>\n<div class=\"apm-sidemodule-textright\">\n<h3 class=\"a-spacing-mini\">ID\u00c9AL POUR ALLUMER LE FOUR ET LE PO\u00caLE \u00c0 BOIS<\/h3>\n<p>Souhaitez-vous que votre po\u00eale soit pr\u00eat \u00e0 chauffer rapidement? Utilisez nos allume-feu en bois, votre feu s&#8217;allumera instantan\u00e9ment!<\/p>\n<\/div>\n<\/div>\n<\/div>\n<div><\/div>\n<\/div>\n<\/div>\n<\/div>\n<div class=\"celwidget aplus-module module-3 aplus-standard\" data-csa-c-id=\"bj6py1-6v3z4z-9qbdnf-w6s21u\" data-cel-widget=\"aplus-module-3\">\n<div class=\"a-expander-collapsed-height a-row a-expander-container a-expander-partial-collapse-container\" data-a-expander-name=\"aplus-module-expander\" data-a-expander-collapsed-height=\"700\">\n<div class=\"a-expander-content a-expander-partial-collapse-content\" aria-expanded=\"false\">\n<div class=\"aplus-module-wrapper apm-floatnone apm-fixed-width\">\n<div class=\"apm-sidemodule apm-spacing\">\n<div class=\"apm-sidemodule-imageright\"><img decoding=\"async\" class=\"a-spacing-mini\" src=\"https:\/\/m.media-amazon.com\/images\/S\/aplus-media-library-service-media\/07b96c81-1b76-458b-a9ff-32cab4b8396e.__CR0,0,1500,1500_PT0_SX300_V1___.jpg\" alt=\" chemin\u00e9e\" data-src=\"https:\/\/m.media-amazon.com\/images\/S\/aplus-media-library-service-media\/07b96c81-1b76-458b-a9ff-32cab4b8396e.__CR0,0,1500,1500_PT0_SX300_V1___.jpg\" \/><\/div>\n<div class=\"apm-sidemodule-textleft\">\n<h3 class=\"a-spacing-mini\">L\u2019ALLUME-FEU DE FOYER LE PLUS NATUREL JAMAIS<\/h3>\n<p>Notre produit est parfait pour la chemin\u00e9e. Il a \u00e9t\u00e9 con\u00e7u pour qu&#8217;une fois br\u00fbl\u00e9, il soit totalement inodore, de plus il soit \u00e9galement exempt d&#8217;additifs nocifs. Ce produit est 100% natural, facile \u00e0 \u00e9liminer et garantit une longue dur\u00e9e de combustion.<\/p>\n<\/div>\n<\/div>\n<\/div>\n<div><\/div>\n<\/div>\n<\/div>\n<\/div>\n<div class=\"celwidget aplus-module module-2 aplus-standard\" data-csa-c-id=\"3celop-igfrm2-z66jj6-scqngs\" data-cel-widget=\"aplus-module-2\">\n<div class=\"a-expander-collapsed-height a-row a-expander-container a-expander-partial-collapse-container\" data-a-expander-name=\"aplus-module-expander\" data-a-expander-collapsed-height=\"700\">\n<div class=\"a-expander-content a-expander-partial-collapse-content\" aria-expanded=\"false\">\n<div class=\"aplus-module-wrapper apm-floatnone apm-fixed-width\">\n<div class=\"apm-sidemodule apm-spacing\">\n<div class=\"apm-sidemodule-imageleft\"><img decoding=\"async\" class=\"\" src=\"https:\/\/m.media-amazon.com\/images\/S\/aplus-media-library-service-media\/1858aab7-3227-424a-8d4c-49d0bffaea7d.__CR0,0,600,600_PT0_SX300_V1___.jpg\" alt=\"laine pours allumer le gril\" data-src=\"https:\/\/m.media-amazon.com\/images\/S\/aplus-media-library-service-media\/1858aab7-3227-424a-8d4c-49d0bffaea7d.__CR0,0,600,600_PT0_SX300_V1___.jpg\" \/><\/div>\n<div class=\"apm-sidemodule-textright\">\n<h3 class=\"a-spacing-mini\">ID\u00c9AL POUR VOS GRILLS<\/h3>\n<p>La laine pours allumer le feu peut \u00eatre utilis\u00e9e dans diff\u00e9rents contextes, comme pour allumer le gril. Garantit un plaisir de griller sans souci car il g\u00e9n\u00e8re peu de fum\u00e9e et r\u00e9siste au vent!<\/p>\n<\/div>\n<\/div>\n<\/div>\n<div><\/div>\n<\/div>\n<\/div>\n<\/div>\n<div class=\"celwidget aplus-module module-9 aplus-standard\" data-csa-c-id=\"fimdzy-q781cw-2e41j6-6803nn\" data-cel-widget=\"aplus-module-9\">\n<div class=\"a-expander-collapsed-height a-row a-expander-container a-expander-partial-collapse-container\" data-a-expander-name=\"aplus-module-expander\" data-a-expander-collapsed-height=\"700\">\n<div class=\"a-expander-content a-expander-partial-collapse-content\" aria-expanded=\"false\">\n<div class=\"aplus-module-wrapper apm-fixed-width\">\n<div class=\"apm-spacing apm-fixed-width\">\n<h3 class=\"a-spacing-small\">POURQUOI CHOISIR LA LAINE DE BOIS TK THERMALKING?<\/h3>\n<table class=\"apm-fixed-width apm-eventhirdcol-table\">\n<tbody>\n<tr>\n<th class=\"apm-center\">\n<div class=\"apm-eventhirdcol apm-floatleft\">\n<p><img decoding=\"async\" class=\"a-spacing-mini\" src=\"https:\/\/m.media-amazon.com\/images\/S\/aplus-media-library-service-media\/8bd9620f-e3a4-473d-bf5d-e3da30bb4b3a.__CR0,0,1500,1500_PT0_SX300_V1___.jpg\" alt=\"boucles de bois \" data-src=\"https:\/\/m.media-amazon.com\/images\/S\/aplus-media-library-service-media\/8bd9620f-e3a4-473d-bf5d-e3da30bb4b3a.__CR0,0,1500,1500_PT0_SX300_V1___.jpg\" \/><\/p>\n<\/div>\n<\/th>\n<th class=\"apm-center\">\n<div class=\"apm-eventhirdcol apm-floatleft\">\n<p><img decoding=\"async\" class=\"a-spacing-mini\" src=\"https:\/\/m.media-amazon.com\/images\/S\/aplus-media-library-service-media\/ecbc3bed-17dd-45ef-944f-f1dce65999d8.__CR0,0,1500,1500_PT0_SX300_V1___.jpg\" alt=\"la laine pour allumer le feu\" data-src=\"https:\/\/m.media-amazon.com\/images\/S\/aplus-media-library-service-media\/ecbc3bed-17dd-45ef-944f-f1dce65999d8.__CR0,0,1500,1500_PT0_SX300_V1___.jpg\" \/><\/p>\n<\/div>\n<\/th>\n<th class=\"apm-center\">\n<div class=\"apm-eventhirdcol apm-floatleft\">\n<p><img decoding=\"async\" class=\"a-spacing-mini\" src=\"https:\/\/m.media-amazon.com\/images\/S\/aplus-media-library-service-media\/bfb09df7-6ff4-45c2-a07f-e9fcc56b7a32.__CR0,0,1500,1500_PT0_SX300_V1___.jpg\" alt=\"1 kg \" data-src=\"https:\/\/m.media-amazon.com\/images\/S\/aplus-media-library-service-media\/bfb09df7-6ff4-45c2-a07f-e9fcc56b7a32.__CR0,0,1500,1500_PT0_SX300_V1___.jpg\" \/><\/p>\n<\/div>\n<\/th>\n<\/tr>\n<tr>\n<td class=\"apm-top\">\n<div class=\"apm-eventhirdcol apm-floatleft\">\n<h4 class=\"a-spacing-mini\">NATUREL &amp; DURABLE<\/h4>\n<p>Ces boucles de bois de chauffage ont \u00e9t\u00e9 con\u00e7ues de mani\u00e8re \u00e0 assurer un chauffage s\u00fbr. Les allume-feux en bois imbib\u00e9s de cire sont 100% naturel, durables et facile \u00e0 \u00e9liminer.<\/p>\n<\/div>\n<\/td>\n<td class=\"apm-top\">\n<div class=\"apm-eventhirdcol apm-floatleft\">\n<h4 class=\"a-spacing-mini\">AMI DE LA NATURE ET SANS ODEUR<\/h4>\n<p>Quel que soit l&#8217;endroit o\u00f9 vous souhaitez utiliser de la laine pour allumer le feu: avec notre article, vous choisissez un produit de haute qualit\u00e9, naturel et alternatif aux allumes-fue conventionnels.<\/p>\n<\/div>\n<\/td>\n<td class=\"apm-top\">\n<div class=\"apm-eventhirdcol apm-floatleft\">\n<h4 class=\"a-spacing-mini\">DISPONIBLE EN DIFF\u00c9RENTS FORFAITS<\/h4>\n<p>Notre produit d&#8217;allumage du feu est le bon choix! Fabriqu\u00e9 en Allemagne par des installations de fabrication de premi\u00e8re classe. Vous pouvez choisir entre 300 gr, 1 kg, 2 kg, 5 kg ou 10 kg. Nous pouvons satisfaire tous vos souhaits.<\/p>\n<\/div>\n<\/td>\n<\/tr>\n<\/tbody>\n<\/table>\n<\/div>\n<\/div>\n<div><\/div>\n<\/div>\n<\/div>\n<\/div>\n<div class=\"celwidget aplus-module module-5 aplus-standard\" data-csa-c-id=\"1bqqx9-mv36v5-uzx8r1-52ggo1\" data-cel-widget=\"aplus-module-5\">\n<div class=\"aplus-module-wrapper apm-fixed-width\">\n<div class=\"apm-spacing aplus-module-content\">\n<div class=\"apm-tablemodule\">\n<table class=\"apm-tablemodule-table\" cellspacing=\"0\" cellpadding=\"0\">\n<tbody>\n<tr class=\"apm-tablemodule-imagerows\">\n<th class=\"apm-tablemodule-blankkeyhead\"><\/th>\n<th class=\"apm-tablemodule-image \"><a href=\"https:\/\/www.amazon.fr\/dp\/B08Y56ZFQR\/ref=emc_b_5_i\" target=\"_blank\" rel=\"noopener\"><img decoding=\"async\" src=\"https:\/\/m.media-amazon.com\/images\/S\/aplus-media-library-service-media\/4d2f6e08-3471-4a54-a52b-96561c61ea15.__CR0,0,300,600_PT0_SX150_V1___.jpg\" alt=\"300 g \" width=\"148.0px\" \/><\/a><\/th>\n<th class=\"apm-tablemodule-image \"><a href=\"https:\/\/www.amazon.fr\/dp\/B08Y59QJCM\/ref=emc_b_5_i\" target=\"_blank\" rel=\"noopener\"><img decoding=\"async\" src=\"https:\/\/m.media-amazon.com\/images\/S\/aplus-media-library-service-media\/0d2252a7-5dac-454a-8d84-1e2ae33dfcef.__CR0,0,300,600_PT0_SX150_V1___.jpg\" alt=\"1 kg \" width=\"148.0px\" \/><\/a><\/th>\n<th class=\"apm-tablemodule-image \"><a href=\"https:\/\/www.amazon.fr\/dp\/B08Y5Q5Q3Y\/ref=emc_b_5_i\" target=\"_blank\" rel=\"noopener\"><img decoding=\"async\" src=\"https:\/\/m.media-amazon.com\/images\/S\/aplus-media-library-service-media\/158e4279-420b-4f84-93b8-eb5e2d5f102b.__CR0,0,300,600_PT0_SX150_V1___.png\" alt=\"2 kg \" width=\"148.0px\" \/><\/a><\/th>\n<th class=\"apm-tablemodule-image \"><a href=\"https:\/\/www.amazon.fr\/dp\/B08Y5K7RKW\/ref=emc_b_5_i\" target=\"_blank\" rel=\"noopener\"><img decoding=\"async\" src=\"https:\/\/m.media-amazon.com\/images\/S\/aplus-media-library-service-media\/1fab7603-3856-416c-91be-efa644657ead.__CR0,0,300,600_PT0_SX150_V1___.jpg\" alt=\"5 kg \" width=\"148.0px\" \/><\/a><\/th>\n<th class=\"apm-tablemodule-image \"><a href=\"https:\/\/www.amazon.fr\/dp\/B08Y1SK6M7\/ref=emc_b_5_i\" target=\"_blank\" rel=\"noopener\"><img decoding=\"async\" src=\"https:\/\/m.media-amazon.com\/images\/S\/aplus-media-library-service-media\/b1a0a11d-5838-4c6c-a10e-0246a0bbda28.__CR0,0,300,600_PT0_SX150_V1___.jpg\" alt=\"10 kg \" width=\"148.0px\" \/><\/a><\/th>\n<\/tr>\n<tr class=\"apm-tablemodule-imagerows\">\n<th class=\"apm-tablemodule-blankkeyhead\"><\/th>\n<th><a href=\"https:\/\/www.amazon.fr\/dp\/B08Y56ZFQR\/ref=emc_b_5_t\" target=\"_blank\" rel=\"noopener\">300 g<\/a><\/th>\n<th><a href=\"https:\/\/www.amazon.fr\/dp\/B08Y59QJCM\/ref=emc_b_5_t\" target=\"_blank\" rel=\"noopener\">1 kg<\/a><\/th>\n<th><a href=\"https:\/\/www.amazon.fr\/dp\/B08Y5Q5Q3Y\/ref=emc_b_5_t\" target=\"_blank\" rel=\"noopener\">2 kg<\/a><\/th>\n<th><a href=\"https:\/\/www.amazon.fr\/dp\/B08Y5K7RKW\/ref=emc_b_5_t\" target=\"_blank\" rel=\"noopener\">5 kg<\/a><\/th>\n<th><a href=\"https:\/\/www.amazon.fr\/dp\/B08Y1SK6M7\/ref=emc_b_5_t\" target=\"_blank\" rel=\"noopener\">10 kg<\/a><\/th>\n<\/tr>\n<tr class=\"apm-tablemodule-keyvalue\">\n<th class=\"apm-tablemodule-keyhead\"><span class=\"a-color-secondary\">100 % Green<\/span><\/th>\n<td class=\"apm-tablemodule-valuecell apm-checked\"><span class=\"a-size-base\">\u2713<\/span><\/td>\n<td class=\"apm-tablemodule-valuecell apm-checked\"><span class=\"a-size-base\">\u2713<\/span><\/td>\n<td class=\"apm-tablemodule-valuecell apm-checked\"><span class=\"a-size-base\">\u2713<\/span><\/td>\n<td class=\"apm-tablemodule-valuecell apm-checked\"><span class=\"a-size-base\">\u2713<\/span><\/td>\n<td class=\"apm-tablemodule-valuecell apm-checked\"><span class=\"a-size-base\">\u2713<\/span><\/td>\n<\/tr>\n<tr class=\"apm-tablemodule-keyvalue\">\n<th class=\"apm-tablemodule-keyhead\"><span class=\"a-color-secondary\">100 % Neutral Smell<\/span><\/th>\n<td class=\"apm-tablemodule-valuecell apm-checked\"><span class=\"a-size-base\">\u2713<\/span><\/td>\n<td class=\"apm-tablemodule-valuecell apm-checked\"><span class=\"a-size-base\">\u2713<\/span><\/td>\n<td class=\"apm-tablemodule-valuecell apm-checked\"><span class=\"a-size-base\">\u2713<\/span><\/td>\n<td class=\"apm-tablemodule-valuecell apm-checked\"><span class=\"a-size-base\">\u2713<\/span><\/td>\n<td class=\"apm-tablemodule-valuecell apm-checked\"><span class=\"a-size-base\">\u2713<\/span><\/td>\n<\/tr>\n<tr class=\"apm-tablemodule-keyvalue\">\n<th class=\"apm-tablemodule-keyhead\"><span class=\"a-color-secondary\">100 % Natural<\/span><\/th>\n<td class=\"apm-tablemodule-valuecell apm-checked\"><span class=\"a-size-base\">\u2713<\/span><\/td>\n<td class=\"apm-tablemodule-valuecell apm-checked\"><span class=\"a-size-base\">\u2713<\/span><\/td>\n<td class=\"apm-tablemodule-valuecell apm-checked\"><span class=\"a-size-base\">\u2713<\/span><\/td>\n<td class=\"apm-tablemodule-valuecell apm-checked\"><span class=\"a-size-base\">\u2713<\/span><\/td>\n<td class=\"apm-tablemodule-valuecell apm-checked\"><span class=\"a-size-base\">\u2713<\/span><\/td>\n<\/tr>\n<tr class=\"apm-tablemodule-keyvalue\">\n<th class=\"apm-tablemodule-keyhead\"><span class=\"a-color-secondary\">Wind Resistant<\/span><\/th>\n<td class=\"apm-tablemodule-valuecell apm-checked\"><span class=\"a-size-base\">\u2713<\/span><\/td>\n<td class=\"apm-tablemodule-valuecell apm-checked\"><span class=\"a-size-base\">\u2713<\/span><\/td>\n<td class=\"apm-tablemodule-valuecell apm-checked\"><span class=\"a-size-base\">\u2713<\/span><\/td>\n<td class=\"apm-tablemodule-valuecell apm-checked\"><span class=\"a-size-base\">\u2713<\/span><\/td>\n<td class=\"apm-tablemodule-valuecell apm-checked\"><span class=\"a-size-base\">\u2713<\/span><\/td>\n<\/tr>\n<tr class=\"apm-tablemodule-keyvalue\">\n<th class=\"apm-tablemodule-keyhead\"><span class=\"a-color-secondary\">Long Burning Life<\/span><\/th>\n<td class=\"apm-tablemodule-valuecell apm-checked\"><span class=\"a-size-base\">\u2713<\/span><\/td>\n<td class=\"apm-tablemodule-valuecell apm-checked\"><span class=\"a-size-base\">\u2713<\/span><\/td>\n<td class=\"apm-tablemodule-valuecell apm-checked\"><span class=\"a-size-base\">\u2713<\/span><\/td>\n<td class=\"apm-tablemodule-valuecell apm-checked\"><span class=\"a-size-base\">\u2713<\/span><\/td>\n<td class=\"apm-tablemodule-valuecell apm-checked\"><span class=\"a-size-base\">\u2713<\/span><\/td>\n<\/tr>\n<\/tbody>\n<\/table>\n<\/div>\n<\/div>\n<\/div>\n<\/div>\n","protected":false},"excerpt":{"rendered":"<ul class=\"a-unordered-list a-vertical a-spacing-mini\">\n<li><span class=\"a-list-item\">100% NATUREL: nos laine en bois, \u00e9galement appel\u00e9s allume feu, est id\u00e9aux pour allumer le feu et pour aider \u00e0 allumer le po\u00eale et la chemin\u00e9e<\/span><\/li>\n<li><span class=\"a-list-item\">100% LONG TEMPS DE BR\u00dbLAGE: Cet allume-feu \u00e9cologique est \u00e9galement parfait pour les po\u00eales \u00e0 bois. Il vous surprendra par sa longue dur\u00e9e de combustion, en plus il est tr\u00e8s simple d&#8217;utilisation: allumez le feu en un instant!<\/span><\/li>\n<\/ul>\n","protected":false},"featured_media":5217,"comment_status":"open","ping_status":"closed","template":"","meta":[],"product_cat":[370],"product_tag":[407,408],"class_list":{"0":"post-5183","1":"product","2":"type-product","3":"status-publish","4":"has-post-thumbnail","6":"product_cat-les-allume-feux","7":"product_tag-allume-feu-pour-cheminee","8":"product_tag-tk-thermalking-allume-feu-en-laine-de-bois-avec-cire","10":"first","11":"instock","12":"shipping-taxable","13":"purchasable","14":"product-type-simple"},"_links":{"self":[{"href":"https:\/\/agro-jardin-brico.com\/index.php?rest_route=\/wp\/v2\/product\/5183","targetHints":{"allow":["GET"]}}],"collection":[{"href":"https:\/\/agro-jardin-brico.com\/index.php?rest_route=\/wp\/v2\/product"}],"about":[{"href":"https:\/\/agro-jardin-brico.com\/index.php?rest_route=\/wp\/v2\/types\/product"}],"replies":[{"embeddable":true,"href":"https:\/\/agro-jardin-brico.com\/index.php?rest_route=%2Fwp%2Fv2%2Fcomments&post=5183"}],"wp:featuredmedia":[{"embeddable":true,"href":"https:\/\/agro-jardin-brico.com\/index.php?rest_route=\/wp\/v2\/media\/5217"}],"wp:attachment":[{"href":"https:\/\/agro-jardin-brico.com\/index.php?rest_route=%2Fwp%2Fv2%2Fmedia&parent=5183"}],"wp:term":[{"taxonomy":"product_cat","embeddable":true,"href":"https:\/\/agro-jardin-brico.com\/index.php?rest_route=%2Fwp%2Fv2%2Fproduct_cat&post=5183"},{"taxonomy":"product_tag","embeddable":true,"href":"https:\/\/agro-jardin-brico.com\/index.php?rest_route=%2Fwp%2Fv2%2Fproduct_tag&post=5183"}],"curies":[{"name":"wp","href":"https:\/\/api.w.org\/{rel}","templated":true}]}}