{"id":5181,"date":"2023-09-20T16:48:13","date_gmt":"2023-09-20T14:48:13","guid":{"rendered":"https:\/\/agro-jardin-brico.com\/?post_type=product&#038;p=5181"},"modified":"2023-09-20T16:48:23","modified_gmt":"2023-09-20T14:48:23","slug":"pellet-green-energy-palette-de-65-sacs-de-15-kg","status":"publish","type":"product","link":"https:\/\/agro-jardin-brico.com\/?product=pellet-green-energy-palette-de-65-sacs-de-15-kg","title":{"rendered":"Pellet Green Energy \u2013 Palette de 65 sacs de 15 kg"},"content":{"rendered":"<div class=\"electro-description clearfix\">\n<p>Ces pellets, aux normes DIN Plus, EN Plus, sont constitu\u00e9s \u00e0 70% de bois r\u00e9sineux et 30% de bois de feuillus. Ils sont fabriqu\u00e9s dans deux usines, aux Pays Bas et en Belgique. Le pellet id\u00e9al pour les budgets serr\u00e9s !<\/p>\n<p>On choisit souvent le granul\u00e9 de bois pour se chauffer de mani\u00e8re \u00e9conomique. Produits au B\u00e9n\u00e9lux, ces pellets sont de qualit\u00e9 car ils disposent d\u2019une double certification Din Plus et En Plus.<\/p>\n<p>&nbsp;<\/p>\n<p>Les mesures de qualit\u00e9 sont dans les standards du march\u00e9 avec un taux de cendres de 0.7% et de poussi\u00e8res de 0.5%.<\/p>\n<\/div>\n","protected":false},"excerpt":{"rendered":"<p>Neuf et haute qualit\u00e9<br \/>\nFabriqu\u00e9 en EVA de qualit\u00e9 sup\u00e9rieure, durable, r\u00e9sistant \u00e0 l&#8217;\u00e9crasement et aux chocs.<br \/>\nDoublure int\u00e9rieure en tissu doux, une poche en filet \u00e0 l&#8217;int\u00e9rieur.<br \/>\nCette mallette rigide compacte et fonctionnelle permet de garder les objets en s\u00e9curit\u00e9 et est extr\u00eamement portable.<br \/>\nTrackpad Force Touch (mod\u00e8le 13 pouces)<\/p>\n","protected":false},"featured_media":5214,"comment_status":"open","ping_status":"closed","template":"","meta":[],"product_cat":[377],"product_tag":[391,404],"class_list":{"0":"post-5181","1":"product","2":"type-product","3":"status-publish","4":"has-post-thumbnail","6":"product_cat-les-granules-de-bois","7":"product_tag-palette-de-65-sacs-de-15-kg","8":"product_tag-pellet-green-energy-palette-de-65-sacs-de-15-kg","10":"first","11":"instock","12":"shipping-taxable","13":"purchasable","14":"product-type-simple"},"_links":{"self":[{"href":"https:\/\/agro-jardin-brico.com\/index.php?rest_route=\/wp\/v2\/product\/5181","targetHints":{"allow":["GET"]}}],"collection":[{"href":"https:\/\/agro-jardin-brico.com\/index.php?rest_route=\/wp\/v2\/product"}],"about":[{"href":"https:\/\/agro-jardin-brico.com\/index.php?rest_route=\/wp\/v2\/types\/product"}],"replies":[{"embeddable":true,"href":"https:\/\/agro-jardin-brico.com\/index.php?rest_route=%2Fwp%2Fv2%2Fcomments&post=5181"}],"wp:featuredmedia":[{"embeddable":true,"href":"https:\/\/agro-jardin-brico.com\/index.php?rest_route=\/wp\/v2\/media\/5214"}],"wp:attachment":[{"href":"https:\/\/agro-jardin-brico.com\/index.php?rest_route=%2Fwp%2Fv2%2Fmedia&parent=5181"}],"wp:term":[{"taxonomy":"product_cat","embeddable":true,"href":"https:\/\/agro-jardin-brico.com\/index.php?rest_route=%2Fwp%2Fv2%2Fproduct_cat&post=5181"},{"taxonomy":"product_tag","embeddable":true,"href":"https:\/\/agro-jardin-brico.com\/index.php?rest_route=%2Fwp%2Fv2%2Fproduct_tag&post=5181"}],"curies":[{"name":"wp","href":"https:\/\/api.w.org\/{rel}","templated":true}]}}