{"id":4261,"date":"2023-07-29T17:31:46","date_gmt":"2023-07-29T15:31:46","guid":{"rendered":"https:\/\/agro-jardin-brico.com\/?post_type=product&#038;p=4261"},"modified":"2024-07-27T08:58:34","modified_gmt":"2024-07-27T06:58:34","slug":"al-ko-tondeuse-a-accu-46-0-li-sp-moweo","status":"publish","type":"product","link":"https:\/\/agro-jardin-brico.com\/?product=al-ko-tondeuse-a-accu-46-0-li-sp-moweo","title":{"rendered":"Al-Ko Tondeuse \u00e0 accu 46.0 LI SP MOWEO"},"content":{"rendered":"<h1 class=\"title title--productBasicInfo\" style=\"text-align: center;\" data-product-title=\"\" data-udo-productname=\"\">Al-Ko Tondeuse \u00e0 accu 46.0 LI SP MOWEO<\/h1>\n<p>Lorsque le printemps arrive et que vos espaces verts recommencent \u00e0 pousser, il est l\u2019heure d\u2019utiliser votre puissante tondeuse \u00e0 accu MOWEO. La tondeuse est \u00e9quip\u00e9e d\u2019une batterie Li&#8211;ion facile d\u2019entretien d\u2019une capacit\u00e9 de 5\u00a0Ah et peut donc \u00eatre utilis\u00e9e de mani\u00e8re flexible autour de chez vous, peu importe l\u2019endroit. Un affichage LED vous fournit \u00e0 tout moment des informations sur l\u2019\u00e9tat de charge actuel, ce qui vous facilite le travail. Le r\u00e9glage central de la hauteur de coupe sur sept niveaux vous permet de r\u00e9gler le sch\u00e9ma de coupe selon vos besoins. Gr\u00e2ce \u00e0 l\u2019agr\u00e9able rev\u00eatement en caoutchouc sur la zone de la poign\u00e9e, vous b\u00e9n\u00e9ficiez d\u2019un confort de travail maximal. Les autres caract\u00e9ristiques comprennent un bouton-\u00e9trier-poussoir confortable, un entra\u00eenement des roues arri\u00e8re pratique et une fixation EasyClick pour le collecteur de grand volume.<\/p>\n<p>&nbsp;<\/p>\n<div class=\"productInformation__row\">\n<h3 class=\"productInformation__title col-12 col-md-3\">Marque<\/h3>\n<div class=\"productInformation__content col-12 col-md-9 productInformation__content--no-fadeout\"><span data-product-brand=\"\" data-udo-brand=\"\"><img decoding=\"async\" class=\"productBasicInfo__label-img\" title=\"Al-Ko\" src=\"https:\/\/www.jumbo.ch\/img\/brands\/BRAND_al_ko_fr.jpg?_=1513062532153\" alt=\"Al-Ko\" \/><\/span><\/div>\n<\/div>\n<div class=\"productInformation__row\">\n<h3 class=\"productInformation__title col-12 col-md-3\">Propri\u00e9t\u00e9s<\/h3>\n<div class=\"productInformation__content col-12 col-md-9 fadeout fadeout--closed\">Avec batterie lithium-ion puissante, Avec r\u00e9glage central de la hauteur sur sept positions, Bac de grande capacit\u00e9 avec indicateur de niveau de remplissage, Grand confort de travail gr\u00e2ce aux poign\u00e9es caoutchout\u00e9es, Avec traction arri\u00e8re<\/div>\n<\/div>\n<div class=\"productInformation__row\">\n<h3 class=\"productInformation__title col-12 col-md-3\">Largeur de coupe (en cm)<\/h3>\n<div class=\"productInformation__content col-12 col-md-9 \">46 cm<\/div>\n<\/div>\n<div class=\"productInformation__row\">\n<h3 class=\"productInformation__title col-12 col-md-3\">Vitesse maximale de rotation<\/h3>\n<div class=\"productInformation__content col-12 col-md-9 \">2900<\/div>\n<\/div>\n<div class=\"productInformation__row\">\n<h3 class=\"productInformation__title col-12 col-md-3\">Hauteur de coupe max.<\/h3>\n<div class=\"productInformation__content col-12 col-md-9 \">75 mm<\/div>\n<\/div>\n<div class=\"productInformation__row\">\n<h3 class=\"productInformation__title col-12 col-md-3\">Hauteur de coupe min.<\/h3>\n<div class=\"productInformation__content col-12 col-md-9 \">30 mm<\/div>\n<\/div>\n<div class=\"productInformation__row\">\n<h3 class=\"productInformation__title col-12 col-md-3\">Diam\u00e8tre des roues<\/h3>\n<div class=\"productInformation__content col-12 col-md-9 \">280 mm<\/div>\n<\/div>\n<div class=\"productInformation__row\">\n<h3 class=\"productInformation__title col-12 col-md-3\">Niveau sonore<\/h3>\n<div class=\"productInformation__content col-12 col-md-9 \">90.4 dB<\/div>\n<\/div>\n<div class=\"productInformation__row\">\n<h3 class=\"productInformation__title col-12 col-md-3\">Tension<\/h3>\n<div class=\"productInformation__content col-12 col-md-9 \">40 V<\/div>\n<\/div>\n<div class=\"productInformation__row\">\n<h3 class=\"productInformation__title col-12 col-md-3\">Volume du dispositif de ramass<\/h3>\n<div class=\"productInformation__content col-12 col-md-9 \">70 l<\/div>\n<\/div>\n<div class=\"productInformation__row\">\n<h3 class=\"productInformation__title col-12 col-md-3\">Syst\u00e8me d&#8217;allumage<\/h3>\n<div class=\"productInformation__content col-12 col-md-9 \">Electronique<\/div>\n<\/div>\n<div><\/div>\n","protected":false},"excerpt":{"rendered":"<p>Garantie : <strong>2 ans<\/strong><br \/>\nMarque: <strong>Al-ko<\/strong><br \/>\n<strong>Indicateur de niveau, Batterie, Chargeur, Batterie Incluses<\/strong><br \/>\nProduit: <strong>Neuf<\/strong><\/p>\n<p><strong>Livr\u00e9 entre 5 \u2013 7 Jours<\/strong><br \/>\n<strong>Livraison a domicile offerte<\/strong><\/p>\n","protected":false},"featured_media":4262,"comment_status":"open","ping_status":"closed","template":"","meta":[],"product_cat":[173,174],"product_tag":[187,207,208],"class_list":{"0":"post-4261","1":"product","2":"type-product","3":"status-publish","4":"has-post-thumbnail","6":"product_cat-jardinage","7":"product_cat-tondeuse-debroussailleuserobot-tondeuse-et-tracteur-de-jardin","8":"product_tag-al-ko","9":"product_tag-al-ko-tondeuse","10":"product_tag-al-ko-tondeuse-a-accu-46-0-li-sp-moweo","12":"first","13":"instock","14":"sale","15":"shipping-taxable","16":"purchasable","17":"product-type-simple"},"_links":{"self":[{"href":"https:\/\/agro-jardin-brico.com\/index.php?rest_route=\/wp\/v2\/product\/4261","targetHints":{"allow":["GET"]}}],"collection":[{"href":"https:\/\/agro-jardin-brico.com\/index.php?rest_route=\/wp\/v2\/product"}],"about":[{"href":"https:\/\/agro-jardin-brico.com\/index.php?rest_route=\/wp\/v2\/types\/product"}],"replies":[{"embeddable":true,"href":"https:\/\/agro-jardin-brico.com\/index.php?rest_route=%2Fwp%2Fv2%2Fcomments&post=4261"}],"wp:featuredmedia":[{"embeddable":true,"href":"https:\/\/agro-jardin-brico.com\/index.php?rest_route=\/wp\/v2\/media\/4262"}],"wp:attachment":[{"href":"https:\/\/agro-jardin-brico.com\/index.php?rest_route=%2Fwp%2Fv2%2Fmedia&parent=4261"}],"wp:term":[{"taxonomy":"product_cat","embeddable":true,"href":"https:\/\/agro-jardin-brico.com\/index.php?rest_route=%2Fwp%2Fv2%2Fproduct_cat&post=4261"},{"taxonomy":"product_tag","embeddable":true,"href":"https:\/\/agro-jardin-brico.com\/index.php?rest_route=%2Fwp%2Fv2%2Fproduct_tag&post=4261"}],"curies":[{"name":"wp","href":"https:\/\/api.w.org\/{rel}","templated":true}]}}