{"id":4252,"date":"2023-07-29T16:55:30","date_gmt":"2023-07-29T14:55:30","guid":{"rendered":"https:\/\/agro-jardin-brico.com\/?post_type=product&#038;p=4252"},"modified":"2023-07-29T16:55:30","modified_gmt":"2023-07-29T14:55:30","slug":"tondeuse-a-gazon-a-batterie-set-charly","status":"publish","type":"product","link":"https:\/\/agro-jardin-brico.com\/?product=tondeuse-a-gazon-a-batterie-set-charly","title":{"rendered":"Tondeuse \u00e0 gazon \u00e0 batterie SET CHARLY"},"content":{"rendered":"<h1 class=\"title title--productBasicInfo\" style=\"text-align: center;\" data-product-title=\"\" data-udo-productname=\"\">Tondeuse \u00e0 gazon \u00e0 batterie SET CHARLY<\/h1>\n<p>Avec la s\u00e9rie de tondeuses de type CHARLY, vous \u00eates parfaitement arm\u00e9 pour entretenir le gazon autour de votre maison. Cette tondeuse puise son \u00e9nergie dans de puissantes batteries 80 V d\u2019une capacit\u00e9 de 2 Ah, deux batteries \u00e9tant d\u00e9j\u00e0 incluses dans la fourniture. Le fonctionnement sur batterie d\u2019utilisation conviviale vous permet de couper des surfaces aussi sans enchev\u00eatrement de c\u00e2ble ni odeur d\u2019essence. Sur le plan technique, l\u2019appareil convainc par sept hauteurs de coupe diversement r\u00e9glables, un bac de ramassage de tr\u00e8s grandes dimensions d\u2019un volume de 50 litres et un mode de fonctionnement quasi sans vibrations. Sur le front de la fonctionnalit\u00e9 aussi, cette tondeuse s\u00e9duit \u00e0 tous points de vue. Une poign\u00e9e rabattable permet en effet de ranger la tondeuse sans prendre beaucoup de place, et vous pouvez entretenir durablement votre gazon avec le kit de mulching compris dans la fourniture. Livr\u00e9 sans batterie ni chargeur.<\/p>\n<p>&nbsp;<\/p>\n<div class=\"productInformation__row\">\n<h3 class=\"productInformation__title col-12 col-md-3\">Marque<\/h3>\n<div class=\"productInformation__content col-12 col-md-9 productInformation__content--no-fadeout\"><span data-product-brand=\"\" data-udo-brand=\"\">GREENWORKS<\/span><\/div>\n<\/div>\n<div class=\"productInformation__row\">\n<h3 class=\"productInformation__title col-12 col-md-3\">Propri\u00e9t\u00e9s<\/h3>\n<div class=\"productInformation__content col-12 col-md-9 fadeout fadeout--closed\">Tondeuse \u00e0 gazon mobile gr\u00e2ce au fonctionnement sur batterie, Avec sept niveaux de coupe, Bac de ramassage largement dimensionn\u00e9, Poign\u00e9e rabattable pour un rangement peu encombrant, Grand confort gr\u00e2ce aux poign\u00e9es ergonomiques<\/div>\n<\/div>\n<div class=\"productInformation__row\">\n<h3 class=\"productInformation__title col-12 col-md-3\">Largeur de coupe (en cm)<\/h3>\n<div class=\"productInformation__content col-12 col-md-9 \">41 cm<\/div>\n<\/div>\n<div class=\"productInformation__row\">\n<h3 class=\"productInformation__title col-12 col-md-3\">Vitesse maximale de rotation<\/h3>\n<div class=\"productInformation__content col-12 col-md-9 \">3600<\/div>\n<\/div>\n<div class=\"productInformation__row\">\n<h3 class=\"productInformation__title col-12 col-md-3\">Hauteur de coupe max.<\/h3>\n<div class=\"productInformation__content col-12 col-md-9 \">80 mm<\/div>\n<\/div>\n<div class=\"productInformation__row\">\n<h3 class=\"productInformation__title col-12 col-md-3\">Niveau sonore<\/h3>\n<div class=\"productInformation__content col-12 col-md-9 \">98 dB<\/div>\n<\/div>\n<div class=\"productInformation__row\">\n<h3 class=\"productInformation__title col-12 col-md-3\">Longueur (en cm)<\/h3>\n<div class=\"productInformation__content col-12 col-md-9 \">80.5 cm<\/div>\n<\/div>\n<div class=\"productInformation__row\">\n<h3 class=\"productInformation__title col-12 col-md-3\">Tension<\/h3>\n<div class=\"productInformation__content col-12 col-md-9 \">80 V<\/div>\n<\/div>\n<div class=\"productInformation__row\">\n<h3 class=\"productInformation__title col-12 col-md-3\">Volume du dispositif de ramass<\/h3>\n<div class=\"productInformation__content col-12 col-md-9 \">50 l<\/div>\n<\/div>\n<div class=\"productInformation__row\">\n<h3 class=\"productInformation__title col-12 col-md-3\">Nombre de batteries<\/h3>\n<div class=\"productInformation__content col-12 col-md-9 \">2<\/div>\n<\/div>\n<div class=\"productInformation__row\">\n<h3 class=\"productInformation__title col-12 col-md-3\">Couleur\/teinte<\/h3>\n<div class=\"productInformation__content col-12 col-md-9 \">Vert<\/div>\n<\/div>\n<div class=\"productInformation__row\">\n<h3 class=\"productInformation__title col-12 col-md-3\">Capacit\u00e9 de la batterie (en Ah<\/h3>\n<div class=\"productInformation__content col-12 col-md-9 \">2 Ah<\/div>\n<\/div>\n<div>\n<div class=\"productInformation__row\">\n<h3 class=\"productInformation__title col-12 col-md-3\">Temps de charge de la batterie<\/h3>\n<div class=\"productInformation__content col-12 col-md-9 \">45 min<\/div>\n<\/div>\n<div class=\"productInformation__row\">\n<h3 class=\"productInformation__title col-12 col-md-3\">Tension de la batterie (en V)<\/h3>\n<div class=\"productInformation__content col-12 col-md-9 \">80 V<\/div>\n<\/div>\n<div class=\"productInformation__row\">\n<h3 class=\"productInformation__title col-12 col-md-3\">Moteur<\/h3>\n<div class=\"productInformation__content col-12 col-md-9 \">Moteur sans balais<\/div>\n<\/div>\n<div class=\"productInformation__row\">\n<h3 class=\"productInformation__title col-12 col-md-3\">Hauteur (en cm)<\/h3>\n<div class=\"productInformation__content col-12 col-md-9 \">44.5 cm<\/div>\n<\/div>\n<div class=\"productInformation__row\">\n<h3 class=\"productInformation__title col-12 col-md-3\">Largeur en cm<\/h3>\n<div class=\"productInformation__content col-12 col-md-9 \">52 cm<\/div>\n<\/div>\n<div class=\"productInformation__row\">\n<h3 class=\"productInformation__title col-12 col-md-3\">Poids (en kg)<\/h3>\n<div class=\"productInformation__content col-12 col-md-9 \">21.3|22.75 kg<\/div>\n<\/div>\n<div class=\"productInformation__row\">\n<h3 class=\"productInformation__title col-12 col-md-3\">Etendue de la livraison<\/h3>\n<div class=\"productInformation__content col-12 col-md-9 \">Livr\u00e9 sans batterie ni chargeur.<\/div>\n<\/div>\n<div class=\"productInformation__row\">\n<h3 class=\"productInformation__title col-12 col-md-3\">Fonction<\/h3>\n<div class=\"productInformation__content col-12 col-md-9 fadeout fadeout--closed\">Attraper, R\u00e9glage de la hauteur du guidon, Broyage, Tondre<\/div>\n<\/div>\n<div class=\"productInformation__row\">\n<h3 class=\"productInformation__title col-12 col-md-3\">Caract\u00e9ristiques<\/h3>\n<div class=\"productInformation__content col-12 col-md-9 \">Batterie, Chargeur, Batterie Incluses<\/div>\n<\/div>\n<div class=\"productInformation__row\">\n<h3 class=\"productInformation__title col-12 col-md-3\">Fonctionnement<\/h3>\n<div class=\"productInformation__content col-12 col-md-9 \">Moteur<\/div>\n<\/div>\n<div class=\"productInformation__row\">\n<h3 class=\"productInformation__title col-12 col-md-3\">Garantie<\/h3>\n<div class=\"productInformation__content col-12 col-md-9 \">3 ans<\/div>\n<\/div>\n<\/div>\n","protected":false},"excerpt":{"rendered":"<p>Garantie : <strong>3 ans<\/strong><br \/>\nMarque: <strong>GREENWORKS<\/strong><br \/>\nPour surfaces jusqu&#8217;\u00e0 &#8230; <strong>550 m2<\/strong><br \/>\n<strong>Batterie, Chargeur, Batterie Incluses<\/strong><br \/>\nProduit: <strong>Neuf<\/strong><\/p>\n<p><strong>Livr\u00e9 entre 5 \u2013 7 Jours<\/strong><br \/>\n<strong>Livraison a domicile offerte<\/strong><\/p>\n","protected":false},"featured_media":4253,"comment_status":"open","ping_status":"closed","template":"","meta":[],"product_cat":[173,174],"product_tag":[206,205,204],"class_list":{"0":"post-4252","1":"product","2":"type-product","3":"status-publish","4":"has-post-thumbnail","6":"product_cat-jardinage","7":"product_cat-tondeuse-debroussailleuserobot-tondeuse-et-tracteur-de-jardin","8":"product_tag-greenworks","9":"product_tag-tondeuse-a-gazon-a-batterie-set-charly","10":"product_tag-tondeuses-electriques-sans-fil","12":"first","13":"instock","14":"sale","15":"shipping-taxable","16":"purchasable","17":"product-type-simple"},"_links":{"self":[{"href":"https:\/\/agro-jardin-brico.com\/index.php?rest_route=\/wp\/v2\/product\/4252","targetHints":{"allow":["GET"]}}],"collection":[{"href":"https:\/\/agro-jardin-brico.com\/index.php?rest_route=\/wp\/v2\/product"}],"about":[{"href":"https:\/\/agro-jardin-brico.com\/index.php?rest_route=\/wp\/v2\/types\/product"}],"replies":[{"embeddable":true,"href":"https:\/\/agro-jardin-brico.com\/index.php?rest_route=%2Fwp%2Fv2%2Fcomments&post=4252"}],"wp:featuredmedia":[{"embeddable":true,"href":"https:\/\/agro-jardin-brico.com\/index.php?rest_route=\/wp\/v2\/media\/4253"}],"wp:attachment":[{"href":"https:\/\/agro-jardin-brico.com\/index.php?rest_route=%2Fwp%2Fv2%2Fmedia&parent=4252"}],"wp:term":[{"taxonomy":"product_cat","embeddable":true,"href":"https:\/\/agro-jardin-brico.com\/index.php?rest_route=%2Fwp%2Fv2%2Fproduct_cat&post=4252"},{"taxonomy":"product_tag","embeddable":true,"href":"https:\/\/agro-jardin-brico.com\/index.php?rest_route=%2Fwp%2Fv2%2Fproduct_tag&post=4252"}],"curies":[{"name":"wp","href":"https:\/\/api.w.org\/{rel}","templated":true}]}}